{"id":26,"date":"2023-02-03T13:33:05","date_gmt":"2023-02-03T12:33:05","guid":{"rendered":"https:\/\/www.c3solutions.sk\/dtp\/?page_id=26"},"modified":"2024-01-05T14:15:30","modified_gmt":"2024-01-05T13:15:30","slug":"co-robim","status":"publish","type":"page","link":"https:\/\/dtp.nonazdar.sk\/index.php\/co-robim\/","title":{"rendered":"\u010comu sa venujem"},"content":{"rendered":"\n<p>Venujem sa grafike a tvorbe&nbsp;roznych&nbsp;typov publikacii&nbsp;od samotneho zadania rukopisu az po finalne&nbsp;zhotovenie tlacovych&nbsp;podkladov pre tlaciaren.<\/p>\n\n\n\n<p><\/p>\n\n\n\n<p>\u2013 zabezpe\u010dovanie polygrafickej v\u00fdroby a koordinovanie \u010dinnosti pri ur\u010dovan\u00ed a dodr\u017eiavan\u00ed technol\u00f3gie tla\u010de,<br>\u2013 zabezpe\u010denie obsahovej, technickej a grafickej \u00farovne diela pod\u013ea typografick\u00fdch noriem<br>\u2013 pr\u00edprava publik\u00e1cie od zadania textov\u00fdch materi\u00e1lov a\u017e po zaslanie kompletnej publik\u00e1cie zad\u00e1vate\u013eovi, komunik\u00e1cia s tla\u010diar\u0148ou<br>\u2013 \u00faprava dodan\u00e9ho rukopisu vo Worde po technickej str\u00e1nke,<br>\u2013 zhotovenie grafick\u00e9ho n\u00e1vrhu ob\u00e1lky, zhotovenie vn\u00fatra dokumentu,<br>\u2013 samotn\u00e9 zalomenie obrazovej a textovej \u010dasti publik\u00e1cie,<br>\u2013 zapracovanie korekt\u00far od zad\u00e1vate\u013ea, komunik\u00e1cia s redaktorom,<br>\u2013 skenovanie obrazovej pr\u00edlohy, \u00faprava obr\u00e1zkov, retu\u0161, pr\u00e1ca s tabu\u013ekami<br>a grafmi,<br>\u2013 v\u00fdsledn\u00e9 spracovanie a dodanie podkladov do tla\u010de napr. vo form\u00e1te pdf.<br>\u2013 pr\u00edprava podkladov na vytvorenie e-bookov\u00fdch verzi\u00ed periodick\u00fdch, neperiodick\u00fdch a merkantilov\u00fdch vydan\u00ed<br>\u2013 pr\u00edprava podkladov pre online vyu\u017eitie (e-shop, web, soci\u00e1lne siete a pod.)<\/p>\n","protected":false},"excerpt":{"rendered":"<p>Venujem sa grafike a tvorbe&nbsp;roznych&nbsp;typov publikacii&nbsp;od samotneho zadania rukopisu az po finalne&nbsp;zhotovenie tlacovych&nbsp;podkladov pre tlaciaren. \u2013 zabezpe\u010dovanie polygrafickej v\u00fdroby a koordinovanie \u010dinnosti pri ur\u010dovan\u00ed a dodr\u017eiavan\u00ed technol\u00f3gie tla\u010de,\u2013 zabezpe\u010denie obsahovej, technickej a grafickej \u00farovne diela pod\u013ea typografick\u00fdch noriem\u2013 pr\u00edprava publik\u00e1cie od zadania textov\u00fdch materi\u00e1lov a\u017e po zaslanie kompletnej publik\u00e1cie zad\u00e1vate\u013eovi, komunik\u00e1cia s tla\u010diar\u0148ou\u2013 \u00faprava dodan\u00e9ho [&hellip;]<\/p>\n","protected":false},"author":1,"featured_media":0,"parent":0,"menu_order":0,"comment_status":"closed","ping_status":"closed","template":"","meta":{"_monsterinsights_skip_tracking":false,"_monsterinsights_sitenote_active":false,"_monsterinsights_sitenote_note":"","_monsterinsights_sitenote_category":0,"footnotes":""},"class_list":["post-26","page","type-page","status-publish","hentry"],"amp_enabled":true,"_links":{"self":[{"href":"https:\/\/dtp.nonazdar.sk\/index.php\/wp-json\/wp\/v2\/pages\/26","targetHints":{"allow":["GET"]}}],"collection":[{"href":"https:\/\/dtp.nonazdar.sk\/index.php\/wp-json\/wp\/v2\/pages"}],"about":[{"href":"https:\/\/dtp.nonazdar.sk\/index.php\/wp-json\/wp\/v2\/types\/page"}],"author":[{"embeddable":true,"href":"https:\/\/dtp.nonazdar.sk\/index.php\/wp-json\/wp\/v2\/users\/1"}],"replies":[{"embeddable":true,"href":"https:\/\/dtp.nonazdar.sk\/index.php\/wp-json\/wp\/v2\/comments?post=26"}],"version-history":[{"count":0,"href":"https:\/\/dtp.nonazdar.sk\/index.php\/wp-json\/wp\/v2\/pages\/26\/revisions"}],"wp:attachment":[{"href":"https:\/\/dtp.nonazdar.sk\/index.php\/wp-json\/wp\/v2\/media?parent=26"}],"curies":[{"name":"wp","href":"https:\/\/api.w.org\/{rel}","templated":true}]}}